719 + 31277. What is the remainder when b is divided by 32?
30
Let f(v) = 6*v**2 + 11*v - 90. Let q be f(7). Let c = q + -130. What is the remainder when c is divided by 76?
75
Suppose -24*y + 382 = -1285 - 973. Calculate the remainder when y is divided by 2.
0
Suppose -2*r - 62 + 40 = -2*a, -3*a - 2*r + 33 = 0. Calculate the remainder when 965 is divided by a.
8
Suppose 2*k = -k + 6, 4*f - 542 = -3*k. Calculate the remainder when f is divided by (-122)/549 - (-256)/18.
8
Suppose 136*i = 140*i + t - 51, 5*i + 3*t - 76 = 0. Suppose -4 = 4*a - 2*a. Let z = a + 33. Calculate the remainder when z is divided by i.
9
Let u = 34 - -9. Let m = u + -39. Suppose -3*k + 28 = 2*l, 3*k - 5*k - m*l + 24 = 0. Calculate the remainder when k is divided by 5.
3
Let s(d) = -d**3 - 14*d**2 + 2*d + 33. Let n be s(-14). Suppose z = -1, k = -3*z + n + 53. What is the remainder when k is divided by (-124)/(-8) - 2/(-4)?
13
Suppose 4*w = -2*b + 106, 0 = 13*b - 15*b + w + 96. Let h(k) = 2*k + 51. Calculate the remainder when h(12) is divided by b.
26
Let j(q) = 3*q**3 - 12*q**2 + q + 41. What is the remainder when 139 is divided by j(5)?
18
Calculate the remainder when 7395 is divided by -6*(-5)/(-30)*-10.
5
Suppose 3*n - 3*q = -2955 + 8532, -5*q + 5 = 0. What is the remainder when n is divided by 49?
47
Let w(g) = -17*g + g**3 - 3*g**3 - 18 - 5*g**2 + 7*g. Let v be 24/(-20)*(9/36*-14 - -6). What is the remainder when 39 is divided by w(v)?
18
Suppose -5*j = -3*z + 126, 2*z = 3*j + 7*z + 62. What is the remainder when 25 is divided by 5*(4/1 - j/(-12))?
5
Suppose 4 = -16*o + 196. Let l(z) = 2*z - 3. What is the remainder when (-2)/o - -1*1276/24 is divided by l(6)?
8
Let a(x) = x**2 - 3*x**2 - 13 - 84*x + 3*x**2 + 73*x. Calculate the remainder when a(15) is divided by 12.
11
Calculate the remainder when (-96)/120 + 38*6603/30 is divided by 68.
67
Let c = 13 - 7. Let f be (6/(-1))/((-9)/c). Suppose z - 73 = -f*j, 3*z - j - 219 = -0*j. What is the remainder when z is divided by 15?
13
Let m(a) = a**3 - 2*a**2 + a - 3. What is the remainder when (57 + -41)/((-1272)/(-204) + -6) is divided by m(3)?
5
Let p(n) = -n**3 + 42*n**2 + 28*n + 62. Let j be p(43). Let w = j - -779. Calculate the remainder when w is divided by 22.
20
Let d(a) = -8*a - 33. Let h(p) = 6*p + 34. Let y(q) = 2*d(q) + 3*h(q). What is the remainder when 59 is divided by y(-12)?
11
Suppose -25*l = 33*l - 9976. What is the remainder when 360 is divided by l?
16
Let z(q) = q**3 + 6*q**2 + 13*q + 85. Let a be z(-10). Let r = 457 + a. Calculate the remainder when 683 is divided by r.
11
Let g = 7474 + -7385. What is the remainder when 262 is divided by g?
84
Calculate the remainder when 500 is divided by (-16)/2 - (-26565)/165.
41
Suppose 30*g = 3*g + 3726. Suppose -g = -141*h + 135*h. Calculate the remainder when 137 is divided by h.
22
Suppose -3*r - 5*n = 3832, 11*n - 6*n + 5116 = -4*r. Let f = 1346 + r. Calculate the remainder when f is divided by ((-2)/(-4))/(1/44).
18
Calculate the remainder when 885 is divided by (3 + (-2 - -2))*(-24)/1152*-112.
3
Suppose -19*s = -1254 - 1102. What is the remainder when s is divided by 40?
4
Let i(n) = -n**2 + 6*n - 1. Let f(c) = c + 1. Let d be f(2). Calculate the remainder when 16 is divided by i(d).
0
Suppose -49*v + 46*v + 3*a + 528 = 0, -5*a = -40. What is the remainder when 682 is divided by v?
130
Let t(f) = 4*f**3 + 3*f**2 + 7*f - 47. What is the remainder when t(5) is divided by 258?
47
Let a(b) = 3*b**3 - 2*b**2 + 6*b - 4. Let w(x) = -x**2 + 4*x - 1. Let v be w(3). Calculate the remainder when 110 is divided by a(v).
14
Suppose 20*c - 25*c = -2*h + 613, 3*h - 923 = 11*c. Calculate the remainder when 930 is divided by h.
18
Suppose -2*y + 59 = -51. Let w be 6/4*96/(-36). Calculate the remainder when y is divided by -2*(34/w + (-7 - -8)).
10
Suppose 5*g - 3*g = 3*r - 235, r - 3*g = 90. Calculate the remainder when 245 is divided by r.
20
What is the remainder when 49/(-14)*((-16)/(-20))/((-2)/5) is divided by (-2)/3*12/(-8)?
0
Suppose -56 = -4*s + 5*a, 3*s - 10*a = -14*a + 42. Calculate the remainder when 1735 is divided by s.
13
Suppose 7*v - 66 = 32. Let a be (-54)/(-9)*4/6. Suppose 16 = -a*c, -39 = -2*u - 2*c + 61. Calculate the remainder when u is divided by v.
12
Let r = -28 - -28. Suppose 15*f - 1043 - 952 = r. What is the remainder when f is divided by 70?
63
Let f = -2139 - -2213. Calculate the remainder when 604 is divided by f.
12
Calculate the remainder when ((-9)/(-27)*-6 - -185) + -9 is divided by 145.
29
Let m = -21216 - -21592. Calculate the remainder when m is divided by 95.
91
Let p = 32 - 30. Suppose -c - 5*u = -u - p, c - 4*u = 34. Calculate the remainder when 8 is divided by (-45)/c*(-12)/5.
2
Calculate the remainder when 779 is divided by ((-10)/4)/(435/(-1392)) - (-171 + 0).
63
Suppose 30 = -3*k + 5*s + 367, -5*k - 5*s + 615 = 0. Calculate the remainder when 40/(-50) - k/(-5) is divided by 17.
6
Suppose -104 = -36*y + 28*y. Suppose -r = -5*v - y, -2*v - 20 + 7 = -r. What is the remainder when r is divided by 4?
1
Suppose 0 = -4*h + 16, -3*h + 44 + 4 = n. Calculate the remainder when 3 - ((-20)/30)/(6/4491) is divided by n.
34
Let h = 4473 + -2673. Calculate the remainder when h is divided by 23.
6
Let o(j) be the first derivative of j**4/4 + 26*j**3/3 + 25*j**2/2 + 17*j + 52. Calculate the remainder when o(-25) is divided by 8.
1
Suppose 9 + 91 = 5*h + g, -4*g = 3*h - 43. Let w be (-4)/(-7) + 33/(-21). Calculate the remainder when h is divided by ((-1)/w - 12)/(-1).
10
Let c = -22071 - -22210. Calculate the remainder when c is divided by 56.
27
Let x = 34 + -7. Let a be (14/(-4))/(x/(-2106)). Calculate the remainder when (-6)/4 + a/14 is divided by 7.
4
Let j(i) = -i**3 - 26*i**2 + 32. Let h be (-4 - 28/6)*3. What is the remainder when 159 is divided by j(h)?
31
Suppose 4*k - 5*g - 43 = 78, -83 = -2*k - 5*g. Calculate the remainder when 58 is divided by k.
24
Let v = -141 - -131. Let s(q) = -3*q**2 - 40*q + 5. What is the remainder when s(v) is divided by 18?
15
Suppose 2040 = -19*d + 59*d. Let y(w) = 2*w**2 + 20*w. Let a be y(15). Suppose -o = -6*o + a. What is the remainder when o is divided by d?
48
Let i = 34 + -31. Suppose 2*t = m + 272, -t - 260 = -i*t + 4*m. Suppose 7*b - 170 = t. Calculate the remainder when b is divided by 9.
8
Suppose 1190 = 4*t - 2*f, 0 = 5*t - 0*f - 5*f - 1490. What is the remainder when t is divided by (-22806)/(-651) + -20 - 9/279?
12
Suppose 0 = 51*t - 433 - 77. Calculate the remainder when t/15 + 600/45 is divided by 8.
6
Let c be (-1357)/(-3) + (-4)/12. Let f be 2/(-11) + 4104/792. Suppose f*o = -4*w + 464, -3*w - 2*o = w - c. What is the remainder when w is divided by 19?
16
Let y(z) = z**2 + 5*z - 21. Let f(r) = -9*r**2 - 20*r + 84. Let v(s) = -2*f(s) - 9*y(s). What is the remainder when v(4) is divided by 25?
20
Let t = -718 - -774. Let h be (4 - 2)/(2/74). Suppose -v + h = t. What is the remainder when 86 is divided by v?
14
Calculate the remainder when 85 is divided by (1 - (-939)/12) + (248/32 - 8).
6
Suppose -5*x = -8*x + 6. Let i be -3 + ((-54)/4)/(x/(-52)). Suppose 0 = -f + 2*q + 92, 4*f - 2*q - i = -4*q. Calculate the remainder when f is divided by 30.
28
What is the remainder when 15 is divided by 2/1 - (-44)/(55/5)?
3
Suppose 15*z = 14*z + 4. Suppose 2*b + 4*a + 24 = 0, -5*b - 4 = -0*b - z*a. What is the remainder when 51 is divided by 2*(b - -3)*-7?
9
Let x = 15823 - 15520. What is the remainder when 842 is divided by x?
236
Let k(i) = 7*i - 8. Let q(v) be the first derivative of -v - 1. Let x(r) = -k(r) + 5*q(r). What is the remainder when 17 is divided by x(-1)?
7
Suppose -3*b - g = -45724, -15329 = -3*b - 4*g + 30416. Calculate the remainder when b is divided by 10.
9
Let t = 37 + -34. Suppose -2*p = -t - 7. Suppose -h - p*z = -4*h + 90, 2*h + 2*z - 60 = 0. What is the remainder when h is divided by 4?
2
Suppose -40 = -n + 33. Calculate the remainder when n is divided by 55*16/88*(1 - -1).
13
Let h(s) = 5*s**3 - 4*s**2 + 31*s - 179. What is the remainder when h(10) is divided by 18?
15
Let m = -20 + 29. Suppose 56 = m*q - 16. Let k = q - -8. What is the remainder when 95 is divided by k?
15
Let w(s) = 2*s**3 + 9*s**2 - 38*s + 79. Calculate the remainder when 634 is divided by w(3).
34
Su